z/(1 + 12/(-6)). What is the highest common divisor of j and 336?
16
Let j be 16 + -19 - (2 - 201). Let s be (120/28)/((-1)/(-7)). Suppose -19 - s = -z. Calculate the greatest common divisor of j and z.
49
Suppose 5*d + 272 - 2457 = 0. What is the highest common divisor of d and 69?
23
Let g be (-1*2/2)/((-33)/(-99)) + 51. Calculate the greatest common divisor of 1026 and g.
6
Suppose 29 = 3*s + u, u - 20 = -4*s + 18. Calculate the greatest common divisor of s and 639.
9
Suppose -152175 = -24*c - 81*c + 66120. What is the highest common factor of 22 and c?
11
Suppose 46*o - 4*f = 44*o + 404, 2*o = 5*f + 408. What is the highest common divisor of 13386 and o?
194
Let v(r) = r**3 + 4*r**2 - 2*r - 5. Let j be v(-4). Let w(y) = -321*y + 3687. Let f be w(11). Calculate the highest common factor of j and f.
3
Suppose 1889*d - 19256 = -4*r + 1885*d, 5*r + d = 24086. Calculate the highest common factor of 198 and r.
66
Suppose p = -2 + 5. Suppose b + 5*q = 2, -p*b = 2*q + 3 - 9. Let v be b*(3 - (-1)/(-1)). Calculate the greatest common divisor of 1 and v.
1
Let g(f) = f + 6. Suppose -2*a = -3*m + 12, -8 - 4 = -3*a - 3*m. Let i be g(a). Suppose 7*c - 7 = i*c. What is the highest common divisor of 49 and c?
7
Suppose 15*g - 4*x - 3840 = 122, g - 5*x = 231. Let o be (-285)/(-6)*16/20. What is the greatest common divisor of g and o?
38
Let z(l) = -97*l - 7. Let g be z(-3). Suppose -3*i + 3*h = -4*i - 88, 0 = -3*i + h - g. Let b = -59 - i. What is the greatest common divisor of b and 7?
7
Let o be (-1)/2 - (-3416)/(-48)*-9. Let u = 640 + -400. Calculate the greatest common divisor of u and o.
80
Let y(b) = 269*b - 2321. Let j be y(11). Calculate the greatest common factor of 986 and j.
58
Let u = 7195 - 5028. What is the highest common factor of u and 197?
197
Let m = 179 - 101. Let a(n) = -14*n + 544. Let o be a(38). Calculate the highest common factor of o and m.
6
Suppose -2*g + 8 + 9 = -3*w, 5*w - 2 = -g. Let u(k) = 7*k**2 + 4*k - 1. Let c be u(2). Calculate the highest common factor of g and c.
7
Let d be 572 + (-11 - (-36)/3). Calculate the greatest common divisor of 3 and d.
3
Let i = 67 + -2. Suppose 2*d - 89 = -5*h + 183, -5*d - 230 = -5*h. Calculate the greatest common factor of h and i.
13
Let z(b) = -b**2 - 5*b + 3. Let p be z(-4). Let d be (p - 46)*(10/(-6) - -1). What is the highest common factor of d and 312?
26
Suppose 0 = 14*k - 12*k - 78. Let i = k - 10. What is the greatest common factor of i and 58?
29
Let d(i) = -i + 11. Let c = -47 + 36. Let x be d(c). Let w be (-3 - -5)/2*(-3 + x). What is the highest common factor of 209 and w?
19
Suppose -14*t + 126 = -112. Suppose n - t = 28. Calculate the greatest common divisor of n and 18.
9
Suppose 191*s - 23408 = -117*s. What is the greatest common divisor of s and 18373?
19
Let n(b) = -b**3 + 91*b**2 + 284*b + 478. Let i be n(94). Calculate the greatest common divisor of 1702 and i.
74
Let a(u) = 23*u**2 - 4*u. Let v(w) = 2*w - 7. Let z be v(5). Let p be a(z). Let g be p/1 + 3/(-1). Calculate the greatest common divisor of g and 24.
24
Suppose -4*g - j + 29 + 356 = 0, 2*g + 3*j = 185. Let k = 227 - g. Let p = -28 - -54. Calculate the highest common divisor of k and p.
26
Let m = 3921 + -3773. Calculate the greatest common factor of m and 40.
4
Let x(n) = 22*n. Let o be x(5). Let h(z) = 3*z**3 - 20*z**2 - 6*z + 6. Let b be h(6). Let w = -58 - b. What is the highest common divisor of o and w?
22
Suppose -3*h + 2322 = -4*v, -1355*v + 1360*v - 1594 = -2*h. Calculate the greatest common factor of 136 and h.
34
Suppose -2*s + 114 = 4*a - 198, -2*a = -6. What is the highest common factor of s and 1950?
150
Suppose 4*q = 4*t + 444, 0 = 3*q - 10*t + 9*t - 331. Let c be (-9)/3*q/(-3). What is the highest common factor of 44 and c?
22
Let d = -60 + 53. Let h be (d + -6 + 21)*3/2. Let b be 129*4/h - 3. Calculate the highest common divisor of 160 and b.
40
Suppose -12*c - 13461 + 26799 = -21774. What is the highest common divisor of 462 and c?
154
Let h(r) = r**3 + 3*r**2 - r + 375. Let f be h(0). What is the highest common divisor of f and 240?
15
Let x be 3*((8540/(-6))/(-14) + 24/3). What is the greatest common divisor of x and 49?
7
Suppose -5*q - 163 - 45 = -k, 0 = -5*k - 4*q + 1040. Calculate the highest common divisor of k and 26.
26
Let f be (-4433)/(-155) - 98/(-70). Let x = -711 - -1401. What is the greatest common factor of f and x?
30
Suppose -2*r + 76 = -196. Let h = 0 + 6. Suppose h*u = 10*u - 68. Calculate the greatest common factor of r and u.
17
Let x(h) be the third derivative of -11*h**2 + 0 + 0*h + 31/6*h**3 - 1/24*h**4. Let j be x(13). Calculate the highest common divisor of j and 144.
18
Let f(v) = -9*v - 6. Let j be f(-3). Let h be ((-24)/j)/(8/(-112)). What is the greatest common factor of h and 224?
16
Suppose 59*h = -22*h + 16588 + 55988. What is the highest common divisor of h and 56?
56
Suppose 0 = -4*d + 83 - 11. Suppose -d*p + 6 = -210. What is the greatest common factor of 372 and p?
12
Suppose -39*b + 37*b + 26 = -2*y, -b - 3*y + 13 = 0. Suppose 0 = -7*p + 21*p - 4550. Calculate the greatest common factor of b and p.
13
Suppose 4*t = -4*o + 672, 8*t - 2*o = 6*t + 336. What is the highest common factor of 5908 and t?
28
Let m(k) = -k. Let z be m(-2). Let b(h) = 7*h + 2. Let a be b(z). Let s = 6015 + -5951. What is the highest common factor of s and a?
16
Let a(y) = y**3 + 23*y**2 - 3*y + 43. Let i be a(-23). Suppose -29 - 69 = -2*k - h, -5*h + 10 = 0. What is the greatest common factor of k and i?
16
Suppose -2*d = 5*y - 149, 0 = 2*y - 10 - 0. Let a be d + (-3)/(9/6). Suppose -822 = 3*p - 930. Calculate the greatest common factor of a and p.
12
Let v(x) = 21*x**2 - x - 1. Let l be v(2). Suppose -5*c = -3182 - 3. Let f = 664 - c. What is the greatest common factor of l and f?
27
Suppose -66*q = -5168 - 1564. What is the highest common divisor of 6936 and q?
102
Let t(b) = b**3 + 25*b**2 + 44*b + 16. Let q be t(-22). Let r be 68/714 + q/42. What is the highest common divisor of r and 24?
12
Suppose 0 = -482*l + 464*l + 2394. Calculate the highest common divisor of l and 437.
19
Suppose 0 = -4*a - 29 + 37. Suppose -15*q - 188 = -2*y - 14*q, y - 84 = -a*q. Calculate the greatest common divisor of 46 and y.
46
Let z be (-51198)/(-11) - (-56)/(-154)*1. What is the highest common divisor of z and 26?
26
Let q be (-4)/2 - (-6 + 3 + 4). Let a be 2/(-2*q/120). Suppose -4*p = -4*t + 24, -5*t = -3*p - 11 - 23. Calculate the highest common factor of t and a.
8
Suppose -p + 2 = 0, -944 + 150 = -3*o - 4*p. Calculate the highest common divisor of 3 and o.
1
Let q = 152 - 82. Let p = q - 81. Let m(a) = -a**3 - 12*a**2 - 12*a + 3. Let u be m(p). What is the greatest common divisor of 14 and u?
14
Let a(g) = 7*g**2 - 21*g - 53. Let n be a(-4). Let s = 25 - -1. Calculate the greatest common divisor of n and s.
13
Let h be 165490/7 + (-1860)/1302. Calculate the greatest common divisor of 120 and h.
120
Let m be ((3171/(-14))/(-1))/((-3)/(-32)). What is the highest common divisor of m and 64?
16
Suppose 0 = -5*u + 4*v + 14088, 5*u - 18*v + 17*v - 14097 = 0. What is the highest common divisor of u and 80?
20
Suppose -59*z + 49*z = -830. Suppose 85*j - 968 = z*j. What is the greatest common divisor of 88 and j?
44
Suppose 115 = 4*m - u - 80, 4*u + 12 = 0. Let o(r) = 17*r - 341. Let l be o(21). Suppose 0*z + 256 = l*z. Calculate the greatest common divisor of z and m.
16
Suppose -5041 + 4636 = 9*r. Let s be 1/((-1)/3 + 0). Let o be s*14*r/27. What is the highest common divisor of 14 and o?
14
Let c = 6 + 8. Suppose 10 = 4*p - 3*z, 2*p - 3*z - c = -3*p. What is the greatest common factor of p and 1?
1
Let r be ((-102)/(-340)*-22)/(6/(-2780)). Calculate the greatest common factor of r and 139.
139
Suppose -2*h - 82 + 14 = 0. Let m be 7/(7/43) + (0 - 3). Let r = m + h. Calculate the highest common factor of 3 and r.
3
Let t = 1237 - 132. What is the greatest common factor of 340 and t?
85
Suppose 0 = 4*z + 2*i + 4, 4*i = -5*z - 11. Let l be (17/(-3) + 5 + 70/(-15))*-3. What is the highest common divisor of z and l?
1
Suppose -6*o + 720 = 18*o. Let y be (-4)/(-20) + (-1870)/(-25). Calculate the highest common factor of y and o.
15
Let u(j) = 269*j - 137*j - 2 - 131*j. Let b be u(6). Let n be b/(-3